{"id":6163,"date":"2024-10-05T20:30:51","date_gmt":"2024-10-05T20:30:51","guid":{"rendered":"https:\/\/schiffsmond.net\/?post_type=product&#038;p=6163"},"modified":"2024-10-05T20:49:09","modified_gmt":"2024-10-05T20:49:09","slug":"verwobene-schlangentiere-burgunderrot","status":"publish","type":"product","link":"https:\/\/schiffsmond.net\/index.php\/produkt\/verwobene-schlangentiere-burgunderrot\/","title":{"rendered":"Verwobene Schlangentiere &#8211; Burgunderrot"},"content":{"rendered":"<p>Diese verwobenen Schlangen finden sich auf dem Bildstein \u201eArdre Kyrka III\u201c. Bei dem Stein handelt es sich um einen Gedenkstein, den drei S\u00f6hne zum Gedenken an Ihren Vater setzten. Der Stein wird auf zwischen 1100 und 1130 datiert.<\/p>\n<p>Der noch zu lesende Text sagt:<\/p>\n<p>\u00d3ttarr und Geirhvatr und Eihvatr, sie setzten den Stein zum Gedenken an L\u00edknhvatr, ihren Vater. R\u00e1\u00f0\u00fejalfr und Geirnj\u00f3tr, sie setzten das gute Wahrzeichen zum Gedenken an &#8230; Mann. L\u00edknreifr schnitzte die Runen.<\/p>\n<p>Unter dem Motiv befindet sich in Runenschrift der Schriftzug: Einar : macht : Hemden. Dies ist eine Anlehnung wikingerzeitliche Funde, in denen immer wieder mal in Runen eingraviert findet: \u201eName\u201c machte diesen Kamm, \u201eName\u201c machte dieses Messer, etc.<\/p>\n<div class=\"g7TcLz5xsspCMeNBUqUS\">\n<div class=\"DzpCjaf_Ta2B5dgF1Vm7\">\n<ul class=\"listMCE\">\n<li>Leichtes, gerade geschnittenes Unisex T-Shirt mit eingesetzten \u00c4rmeln<\/li>\n<li>Mit 1&#215;1-Ripp am Nacken und Nackenband aus gleichem Material<\/li>\n<li>Doppelnaht-Steppnaht an den \u00c4rmelb\u00fcndchen und am Saum<\/li>\n<li>Legere Stoffdichte: 155 g\/m\u00b2<\/li>\n<li>Material: 100% Baumwolle (aus biologischem Anbau)<\/li>\n<li>Marke: Stanley\/Stella<\/li>\n<\/ul>\n<p><strong>Pflegehinweise<\/strong><\/p>\n<p>Waschtemperatur: Maximal 30\u00b0 Grad<\/p>\n<p><img decoding=\"async\" class=\"no-border\" src=\"https:\/\/image.spreadshirtmedia.net\/content\/q_auto,f_auto\/FAQ\/article\/chemischreinigen.gif\" width=\"30\" align=\"middle\">Nicht chemisch reinigen<\/p>\n<p><img decoding=\"async\" class=\"no-border\" src=\"https:\/\/image.spreadshirtmedia.net\/content\/q_auto,f_auto\/FAQ\/article\/trockner.gif\" width=\"30\" align=\"middle\">Nicht im W\u00e4schetrockner trocknen<\/p>\n<p><img decoding=\"async\" class=\"no-border\" src=\"https:\/\/image.spreadshirtmedia.net\/content\/q_auto,f_auto\/FAQ\/article\/bleichen.gif\" width=\"30\" align=\"middle\">Keine Bleichmittel oder Weichsp\u00fcler verwenden<\/p>\n<p><img decoding=\"async\" class=\"no-border\" src=\"https:\/\/image.spreadshirtmedia.net\/content\/q_auto,f_auto\/FAQ\/article\/nicht_schleudern.gif\" width=\"30\" align=\"middle\">Nicht stark schleudern oder auswringen<\/p>\n<p><img decoding=\"async\" class=\"no-border\" src=\"https:\/\/image.spreadshirtmedia.net\/content\/q_auto,f_auto\/FAQ\/article\/buegeln.gif\" width=\"30\" align=\"middle\">Von links, bei mittlerer Hitze und ohne Dampf b\u00fcgeln. Motive d\u00fcrfen sich beim B\u00fcgeln nicht ber\u00fchren (Zwischen zwei d\u00fcnnen T\u00fcchern b\u00fcgeln).<\/p>\n<\/div>\n<\/div>\n","protected":false},"excerpt":{"rendered":"<p>T-Shirt mit einem Motiv das Odin darstellt der auf Sleipnis reitet und seinen Speer tr\u00e4gt seinen Speer Gungnir tr\u00e4gt. Dabei wird er von den beiden Raben Hugin und Munin begleitet. <a class=\"more-link\" href=\"https:\/\/schiffsmond.net\/index.php\/produkt\/verwobene-schlangentiere-burgunderrot\/\">Weiterlesen \u2192<\/a><\/p>\n","protected":false},"featured_media":6175,"comment_status":"open","ping_status":"closed","template":"","meta":{"ngg_post_thumbnail":0},"product_brand":[],"product_cat":[488],"product_tag":[539,529,528,541,540],"class_list":{"0":"post-6163","1":"product","2":"type-product","3":"status-publish","4":"has-post-thumbnail","6":"product_cat-t-shirts","7":"product_tag-gotischer-gedenkstein","8":"product_tag-t-shirt-mit-motiven-von-gotlaendischen-bildsteinen","9":"product_tag-t-shirt-mit-wikinger-motiven","10":"product_tag-verflochtenes-muster","11":"product_tag-verwobene-schlangentiere","12":"product_shipping_class-maxbrief","13":"pa_groesse-l","14":"pa_groesse-m","15":"pa_groesse-s","16":"pa_groesse-xl","17":"pa_groesse-xxl","19":"first","20":"instock","21":"shipping-taxable","22":"purchasable","23":"product-type-variable"},"_links":{"self":[{"href":"https:\/\/schiffsmond.net\/index.php\/wp-json\/wp\/v2\/product\/6163","targetHints":{"allow":["GET"]}}],"collection":[{"href":"https:\/\/schiffsmond.net\/index.php\/wp-json\/wp\/v2\/product"}],"about":[{"href":"https:\/\/schiffsmond.net\/index.php\/wp-json\/wp\/v2\/types\/product"}],"replies":[{"embeddable":true,"href":"https:\/\/schiffsmond.net\/index.php\/wp-json\/wp\/v2\/comments?post=6163"}],"wp:featuredmedia":[{"embeddable":true,"href":"https:\/\/schiffsmond.net\/index.php\/wp-json\/wp\/v2\/media\/6175"}],"wp:attachment":[{"href":"https:\/\/schiffsmond.net\/index.php\/wp-json\/wp\/v2\/media?parent=6163"}],"wp:term":[{"taxonomy":"product_brand","embeddable":true,"href":"https:\/\/schiffsmond.net\/index.php\/wp-json\/wp\/v2\/product_brand?post=6163"},{"taxonomy":"product_cat","embeddable":true,"href":"https:\/\/schiffsmond.net\/index.php\/wp-json\/wp\/v2\/product_cat?post=6163"},{"taxonomy":"product_tag","embeddable":true,"href":"https:\/\/schiffsmond.net\/index.php\/wp-json\/wp\/v2\/product_tag?post=6163"}],"curies":[{"name":"wp","href":"https:\/\/api.w.org\/{rel}","templated":true}]}}